ided by s.
11
What is the remainder when 49 is divided by (-1105)/(-40) + (-57*5/(-120) - 2)?
21
Suppose 3*z = 9*z - 810. Suppose -25*x + 28*x - z = 0. What is the remainder when 176 is divided by x?
41
Suppose -3*n + 4*p = 2*n - 76, n + 2*p = 18. What is the remainder when (52 - (3 + 1)) + (-4 - -1) is divided by n?
13
Let u(h) = h - 8. Let q be u(7). Let g be (-4)/18*2 - (-65)/(-117). What is the remainder when 10 is divided by (-3)/g - (-2 - q)?
2
Let y(o) = -o + 3. Let q be y(0). Let z(v) = -13*v - 3*v - q*v**2 - 13*v + 1. Calculate the remainder when 161 is divided by z(-8).
38
Suppose 59 = -4*v + 163. Calculate the remainder when (-44)/(-88) + (-155)/(-2) + -2 is divided by v.
24
Let j = 279 + -11. What is the remainder when j is divided by 37?
9
Suppose -86*b + 88*b - 584 = 0. Let s = b + -246. Calculate the remainder when 183 is divided by s.
45
Let m(r) = -5*r**2 + 22*r + 80. Let n be m(-12). Let j = 908 + n. Calculate the remainder when 67 is divided by j.
3
Let a(t) = -58*t**2 + 2 + 15*t**2 + 23*t**2 + 24*t**2 + 2*t. Let g = -10 + 4. Calculate the remainder when a(g) is divided by 17.
15
Let n(q) = q**3 - 80*q**2 + 1184*q - 1419. Let d(y) = -2*y**3 + y**2 + 6*y + 4. Let p be d(-4). What is the remainder when n(61) is divided by (-2)/(-7) + p/7?
16
Suppose -4*g + 4*q + 146 = g, -3*g + 4*q + 94 = 0. Suppose 3*o - 4*o = -g. Calculate the remainder when o is divided by 6.
2
Suppose 0 = -2*f + 10, 2*f - 6*f = 2*s - 52. Calculate the remainder when (-2)/(-7) + ((-2720)/(-7))/5 is divided by s.
14
Let c(m) be the third derivative of -m**6/120 + 7*m**5/60 - m**4/6 + 3*m**3/2 - m**2. Let n = -1556 - -1562. Calculate the remainder when 62 is divided by c(n).
20
Let a = -118 + 272. Let d = a + -112. Calculate the remainder when d is divided by 23.
19
Suppose 2*m + 3 = -1, 751 = 3*v - 5*m. Let t = 287 - v. Calculate the remainder when 275 is divided by t.
35
Let k(j) = -185*j + 41. Let d be k(2). Let y = d + 335. Calculate the remainder when 12 is divided by y.
0
What is the remainder when (-2)/(-4)*(-1784)/(-223) - (0 - 20158) is divided by 142?
140
Suppose -5*s + 2 = 2*o - 3, -3*s = 2*o + 1. Suppose 0 = 48*v - 44*v - j - 31, -s*v = 3*j - 27. Calculate the remainder when v is divided by 5.
3
Let u = -11 + 18. Suppose 92*t + 103*t + 2438 - 7508 = 0. What is the remainder when t is divided by u?
5
Let r(j) be the third derivative of j**6/120 + j**5/6 - j**4/4 - 7*j**3 - 20*j**2. Calculate the remainder when 88 is divided by r(-10).
16
Let k be (1 - 0/3)*3. Let w = -399 + 423. What is the remainder when k/7 - 960/(-14) is divided by w?
21
Let r = -14308 + 14320. What is the remainder when 2142 is divided by r?
6
Let d(n) = 6*n**2 + 10*n - 8. Let k(t) = t**2 - t - 1. Let r(b) = -d(b) + 4*k(b). Calculate the remainder when 26 is divided by r(-6).
10
Let s = 14 + -22. Let o be 19/(-76) - 434/s. Suppose -5*n + 14*n - o = 0. What is the remainder when 17 is divided by n?
5
Suppose 857 = 4*v - 5*n, 4*n - 8 - 4 = 0. Let d = -197 + v. Let q = 2 + 37. What is the remainder when q is divided by d?
18
Let w(u) = u**2 + 39*u - 62. Let c(i) = -i**3 - 18*i**2 - 30*i + 35. Calculate the remainder when w(-42) is divided by c(-16).
1
Suppose 144*l + 114*l - 11581 + 487 = 0. Calculate the remainder when 4619 is divided by l.
18
What is the remainder when 70 is divided by (0 + 2/(-3))/(((-112)/(-174))/(-28))?
12
Let z(d) = -d**3 - 3*d**2 - 7*d - 6. Let l(x) = 19*x + 3663. Let y be l(0). Suppose -32*b = b - y. Calculate the remainder when b is divided by z(-4).
35
Let w be (4/(-6))/(1/((-3372)/8)). Suppose 6*q - 175 = w. Calculate the remainder when q is divided by 29.
18
Suppose 0 = -c + 11 - 1. What is the remainder when 4068/(-791)*(-21)/(-6)*-1 is divided by c?
8
Suppose 6*g - 580 = g. Suppose -g*d + 120*d - 128 = 0. Calculate the remainder when 124 is divided by d.
28
Suppose 8*j = 3*j + 1985. Suppose -r - 157 = 2*g, -r - j = g + 4*g. Calculate the remainder when 174 is divided by ((-21)/(-2))/((-24)/g).
34
Suppose 13*m = 18*m + 5. Let p be (29 - m) + 0*2/(-8). Suppose -p + 10 = -2*b. Calculate the remainder when 16 is divided by b.
6
What is the remainder when -2 + 14776/24 - 3/(18/4) is divided by 172?
97
Suppose -2*g - 161 = 5*s, 3*s + 104 = -g + 26. Let n = -82 - g. Calculate the remainder when 0/2 - (2 - 37) is divided by n.
2
Let s(j) = -140*j**3 - 3*j**2 - 15*j - 13. What is the remainder when 717 is divided by s(-1)?
22
Suppose 0*v = -4*v. Let j be v + -1 + 2 - -1647. Calculate the remainder when 63 is divided by (-4)/(-26) - j/(-104).
15
Suppose 2*t + 22 = 3*n - n, 4*n - 40 = 5*t. Let g be (-6)/(-9)*27/(-6). Let u(h) = 7*h**2 - 4*h - 2. What is the remainder when u(g) is divided by n?
13
Suppose r - 88 = 17. Suppose -14*j = 49 - r. Calculate the remainder when 7 is divided by j.
3
Suppose 5*r + 12*l - 142 = -8, 4*r - 82 = 3*l. What is the remainder when 287 is divided by r?
1
Let z(q) = q + 55. Let c be z(-52). Calculate the remainder when 28 is divided by 9/c + -18 + 31.
12
Let a(b) = 75*b**3 + 2*b - 1. Let n(i) = 580*i - 2307. What is the remainder when a(1) is divided by n(4)?
11
Suppose 89 = 3*i + 68. Suppose 2*u = 5*u + 6, -2*f + u = -24. Suppose -5*z - 4*h - 1 = -25, -3*z = -h - f. What is the remainder when i is divided by z?
3
Let m(h) = -3*h**3 + 6*h**2 - h + 6. Let i be m(5). Let r = -206 - i. Suppose 103 + 50 = 3*z. Calculate the remainder when z is divided by r.
15
Let i(v) = -v**3 + 6*v**2 - 7*v + 6. Let d be i(4). Suppose -32 = -2*r + d*r. Let w = r + 35. Calculate the remainder when 122 is divided by w.
29
Suppose -22*f - 164 + 267 = -931. What is the remainder when f is divided by 23?
1
Suppose t + 1492 = -2*f + 9075, 0 = 3*f + 5*t - 11378. What is the remainder when f is divided by 24?
23
Let t(s) = -8*s + 53. Let k = -822 + 828. Calculate the remainder when 10 is divided by t(k).
0
Suppose s = 7*u - 9*u + 1239, u - 2*s = 632. Calculate the remainder when u is divided by 617.
5
Suppose -10*y = 16*y + 4992. Let r = y - -224. What is the remainder when r is divided by 14?
4
Let y = 40 - 96. Let p = y - -56. Suppose p = -12*z + 13*z - 67. Calculate the remainder when z is divided by 14.
11
Suppose -5*x + 3*q - 2*q + 285 = 0, 285 = 5*x + 5*q. Let m be (-8)/(-10) + 32/10. Calculate the remainder when 31 is divided by (m/6)/(2/x).
12
Suppose 72*j - 15695 - 2881 = 0. What is the remainder when j is divided by 83?
9
Suppose 299*s - 296*s = -2*c + 377, -4*c + 739 = 3*s. What is the remainder when c is divided by 26?
25
Suppose 21 = -3*i, 497 = 5*z - 9*i + 13*i. Calculate the remainder when 2305 is divided by z.
100
Suppose -589 = -19*w + 1102. Let i = -38 + w. What is the remainder when i is divided by 9?
6
Let z(f) = -10*f + 8. Calculate the remainder when (-4)/12 + 1744/12 is divided by z(-3).
31
Let i = 49 - 18. Let f be (4 - 25/10)*288. Let v = f + -309. What is the remainder when v is divided by i?
30
Suppose -2*r = 4*a - 1138 - 274, -5*r = 4*a - 3494. What is the remainder when r is divided by 18?
10
Suppose -n + 238 = 13*n. Let f(v) = -27*v - 25. What is the remainder when f(-3) is divided by n?
5
Let o = 14567 + -12688. What is the remainder when o is divided by 311?
13
Let k(d) = -4*d - 30. Let h be k(-8). What is the remainder when 484/(-8)*(-9 + h + 3) is divided by 7?
4
Suppose f - 151 = a + 301, f - 432 = -3*a. Let j = f - 441. Calculate the remainder when 17 is divided by j.
5
Suppose 0 = 107*z + 70*z - 23*z - 284746. Calculate the remainder when z is divided by 74.
73
Suppose -3*w - b + 28 = 0, 86 = 3*w - 5*b + 28. Suppose -4*l + 5*u - 9*u + 208 = 0, 5*u = 5*l - 240. What is the remainder when l is divided by w?
6
Suppose -5*i + 113 + 105 = -3*k, -2*i + 100 = 2*k. What is the remainder when 3541 is divided by i?
45
Suppose -h + 5*h - 12 = 0. Suppose -m + h*m + 4*o = 142, 169 = 2*m - 5*o. What is the remainder when m is divided by 13?
12
Suppose -5*h - 840 + 145 = -5*g, -5*h = -4*g + 560. What is the remainder when 310 is divided by g?
40
Let g(l) be the third derivative of l**6/120 - l**5/30 - l**4/8 + 19*l**3/6 - 183*l**2. What is the remainder when 48 is divided by g(0)?
10
Suppose 4*j = 4*p + 156, -2*j + p - 6*p = -78. Let i = -19820 - -19912. Calculate the remainder when i is divided by j.
14
Calculate the remainder when